q(f).
-13
Suppose -35*r = 56 + 14. Let f(y) = 7*y. Determine f(r).
-14
Suppose 0*y + 2*y + 5*w = -67, 4*y + 2*w + 94 = 0. Let o be -1 + 1/3*y. Let h(f) be the third derivative of -f**4/6 - f**3 + f**2. Calculate h(o).
26
Let q(i) = i**3 + 19*i**2 - 2*i - 36. Let w(g) = -4*g**2 - 36*g - 19. Let f be w(-9). What is q(f)?
2
Let a(n) = 81*n + 11. Let f(k) = 152*k + 20. Let s(l) = -11*a(l) + 6*f(l). Let t(o) = o**2 - 11*o + 19. Let m be t(9). What is s(m)?
20
Let j(l) be the first derivative of -6*l**2 - l + 163. Let r(k) = 19*k + 2. Let m(t) = 8*j(t) + 5*r(t). Calculate m(-1).
3
Let h = -730 + 735. Suppose -56 = h*j - 16. Let s(d) = -d + 2. Determine s(j).
10
Let y be ((-10)/(-6))/((710/12)/(-71)). Let i(t) = -12*t**2 - 8*t - 7. Calculate i(y).
-39
Suppose u + 10 = f, 39*f - 3*u + 6 = 40*f. Let c(x) = 7*x + 14. What is c(f)?
77
Let y(h) = -h**3 + 15*h**2 - 15*h + 15. Let f be y(14). Let n be 9*(1 + 0)/f. Let i(r) = -21*r + n - 6 + 22*r. Determine i(-7).
-4
Let r(u) = -u - 3. Suppose 0 = -17*l + 11 + 23. Suppose l*g = -20*g + 6*g. Give r(g).
-3
Let q(u) be the third derivative of -1/120*u**6 - 1/24*u**4 + u**2 + 4/3*u**3 + 0 + 1/6*u**5 - 48*u. Determine q(10).
-2
Let t(w) = -2*w - 76. Let x(b) = -2*b - 90. Let a(m) = 6*t(m) - 5*x(m). Calculate a(-8).
10
Let b(x) = 0 + 4*x**2 - 51*x + 0 + 4 + 56*x. Give b(-1).
3
Let q(h) = 3*h - 2*h + 5 - 4. Let k(c) = c**3 - 16*c**2 + 13*c + 27. Let m be (6*(-1)/(-4))/((-3)/(-30)). Let v be k(m). Calculate q(v).
-2
Let s(o) = o**2 - 34. Let j be 372/(-31)*(44/(-8) + 6*1). What is s(j)?
2
Let o be 7/224*56*8/(-2). Let q(h) = 2*h**2 + 20*h + 10. Determine q(o).
-32
Let h(a) be the second derivative of 1/6*a**3 + 4 + 4*a**2 + 5*a. Give h(-6).
2
Suppose -3*n + 46 = 5*s, 2*n = 6*n + 3*s - 76. Let h be -1 + -6 - (15 - n). Let v(p) = p**3 - p**2 - p - 7. Give v(h).
-7
Let h(m) = 6 + 11 - 36*m - 5 - 5. Determine h(0).
7
Suppose -4*q = 12, 13*w + 13 = 17*w - 3*q. Let h(x) = -9*x**2 - 3*x + 4. Calculate h(w).
-8
Let q(p) = -4 + 13*p - 2*p**3 - 5183*p**2 + 3*p**3 + 5167*p**2. Calculate q(15).
-34
Let m(q) be the second derivative of q**4/12 - 3*q**2/2 + 140*q. Let z(n) = 3*n**2 - 9. Let d(j) = 17*m(j) - 6*z(j). Calculate d(0).
3
Let m = 44 - -38. Let k(v) = -3*v - 81 + m + 2*v. Let p = 3532 - 3537. Determine k(p).
6
Let n(f) be the second derivative of -f**5/20 + 5*f**4/12 + 25*f**3/6 - 3*f**2/2 + 653*f. Calculate n(-3).
-6
Let s(f) = f**3 - 2. Let r be s(2). Suppose -2*v + 2*l - 10 = 0, -1 = v + l - r. Let d(b) = 1 + b - 3514*b**3 + 7024*b**3 + 7 - 3509*b**3. Determine d(v).
8
Suppose -2 = 2*g - i, -8 = -22*g + 25*g - 4*i. Let u(d) = 15*d**3 + 1954 - d + g*d - 1953. What is u(1)?
15
Let c(a) be the first derivative of 29*a**2/2 + 264*a - 1580. What is c(-9)?
3
Let r = 12786 + -12791. Let o(n) = -n + 2. What is o(r)?
7
Let p(d) = 2*d**2 - 3*d - 5. Suppose 2*w - 8 + 9 = -3. Give p(w).
9
Let v(x) = 10*x**2 - 5*x - 4*x**2 - 78 + 76 + 0*x**2 - 5*x**2. Suppose -181*c = -180*c - 4. What is v(c)?
-6
Let k = -6724 + 6727. Let z(j) = -24*j + 63. Give z(k).
-9
Let m(s) be the first derivative of -1/2*s**4 + 20 - 7/6*s**3 - 3/2*s**2 - 5*s - 1/20*s**5. Let l(f) be the first derivative of m(f). What is l(-5)?
7
Suppose 0*p = -3*p + 9. Let c be (-1 - p)*1/(-2). Suppose -2*t - 22 = 3*k, -3 = -3*t + 5*k + c. Let z(d) = -2*d**2 - 6*d + 7. Give z(t).
-13
Suppose -9*k = -32*k + 20 + 49. Let x(d) be the first derivative of 9/2*d**2 - 1/4*d**4 + k - 2*d**3 + 10*d. What is x(-7)?
-4
Let k(y) = 59*y - 231. Let n(x) = -86*x + 345. Let g(w) = 10*k(w) + 7*n(w). What is g(8)?
9
Let k(f) = -10*f. Let n(v) = -33*v - 172. Let s(r) = -4*k(r) + n(r). What is s(25)?
3
Let f(s) = -s**3 - 6*s**2 + 27*s + 1. Let g be f(-9). Let j be 35/14 + (-5)/2 + g. Let h(l) = l**3 - l**2 + l. Determine h(j).
1
Let q(c) = 2*c**3 - 314*c**2 + 316*c - 599. Let w be q(156). Let a(i) = i**3 - 24*i**2 - 25*i - 28. Calculate a(w).
-28
Let n(p) be the first derivative of 3*p**5/10 + p**2 + 1. Let z(y) be the second derivative of n(y). Let w be (0 + 17 + -18)*(5 + -4). What is z(w)?
18
Let h(a) = a**2 + 3*a - 3. Let w be 228/14 + 10/(-35). Suppose 11*t - w*t = -20. Suppose t*c + 25 = -c. What is h(c)?
7
Let y(p) = -2*p**2 - 6*p - 20. Let r(x) = x**2 - 16*x - 84. Let d be r(-4). Determine y(d).
-28
Let g(m) = -2*m**2 - 6*m + 2. Suppose -d - 4*h + 0*h - 34 = 0, d = 5*h - 70. Let c = d - -45. What is g(c)?
-18
Let k(p) be the first derivative of p**2 - 105*p + 2478. Calculate k(0).
-105
Let s(z) be the third derivative of -2/3*z**3 + 0*z + 0 + 1/60*z**5 + 17*z**2 + 0*z**4. Determine s(4).
12
Let g(x) = -25*x**3 - 4*x**2 + 3*x. Let u = -7652 - -7653. Determine g(u).
-26
Let b(t) = -21*t**3 + 20*t**3 - 35*t**2 + 1 + 28*t**2 + t. Determine b(-3).
-38
Let z(i) = 3*i + 19. Suppose -2*x + 3*g + 216 = 2*g, 5*x = -g + 554. Suppose -8*b - 3*b = x. Determine z(b).
-11
Let b(d) = -4*d**3 - 55*d**2 - 2*d - 354. Let j(m) = -3*m**3 - 41*m**2 - m - 265. Let t(r) = -7*b(r) + 9*j(r). Calculate t(-16).
13
Let o(w) = -w**2 + w - 1. Let k be -1 + 1 - 5*6/(-30). Let u(d) = 4*d**2 - 11*d + 1. Let s(b) = k*u(b) + 5*o(b). Let j = -11 - -5. Determine s(j).
-4
Let b(c) = c + 10. Let j(p) = p + 2. Let z be j(5). Let d be b(z). Suppose 0 = -4*h + 15 + d. Let y(m) = m + 2. Determine y(h).
10
Suppose -211*a = 161*a + 3 - 3. Let r(w) = w**3 - w**2 - w - 1. Give r(a).
-1
Let k(g) = -9*g + 1. Suppose 3*v + 166 = 487. Let z = v + -103. Give k(z).
-35
Let t(r) = 9*r + 8. Let l be (-4)/(-6) - (-1260)/(-189). Calculate t(l).
-46
Let r(k) = 5*k**2 - 2*k - 3. Suppose 3*d - 36 = -3*d. Let v(x) = 11*x**2 - d*x**2 - 1 - 4*x**2 + 0. Let c(o) = r(o) - 2*v(o). Give c(2).
7
Let k(u) be the first derivative of u**2 + 2*u + 117. Let p(a) = -4*a - 4. Let h(n) = 7*k(n) + 4*p(n). Give h(0).
-2
Let j = 13 + -3. Let u(n) be the first derivative of -n**3/3 + 5*n**2 - 2*n - 592. Determine u(j).
-2
Let w(l) = -l**3 + 82*l**2 + 252*l + 245. Let z be w(85). Let o(m) = 4*m**2 + 40*m + 2. What is o(z)?
2
Let r(u) be the third derivative of 0*u + 1/12*u**4 - 1/6*u**3 + u**2 + 2. What is r(-2)?
-5
Let y(h) = -44*h**2 + 744*h**3 - 1495*h**3 + 40*h**2 - 9 + 752*h**3 - 30*h. Calculate y(8).
7
Let l(p) = p - 8. Let q = 58 + -59. Let m be (9 - -10)/(q/(-15)). Let w be (-2)/(-3)*m/38. Give l(w).
-3
Let r(a) = a**2 - 110*a - 4030. Let s be r(-29). Let p(q) be the third derivative of -q**5/20 - q**4/24 + q**3/6 + 3*q**2. Calculate p(s).
-3
Let h(v) = v - 10. Suppose -24*a + 5*m + 40 = -20*a, -3*a + 4*m + 32 = 0. Give h(a).
-10
Let k(q) = 3*q**2 + 16*q - 49. Let p(v) = v**2 + 5*v - 16. Let w(x) = -7*x + 54. Let z be w(8). Let s(b) = z*k(b) + 7*p(b). Determine s(-6).
4
Let z(g) = 3*g**2 + 2. Let y(h) = 8*h**2 + 3*h + 2. Let q(r) = y(r) - 2*z(r). Let a(n) = -n - 11. Let k be a(-8). Give q(k).
7
Let f(a) = -50*a**2 + 49*a + 27. Let r(m) = 29*m**2 - 28*m - 16. Let v(h) = 11*f(h) + 19*r(h). Suppose -10 = 4*x - 3*x. Calculate v(x).
23
Let i be (-17)/4 - (-4)/16. Suppose 26*h + 330 = 37*h. Let y be (h/40)/((-1)/i). Let g(o) = -2*o**2 + 5*o - 3. Determine g(y).
-6
Let i = -4 + 6. Suppose -18 = i*p + p. Let w(j) = -161*j - 5 + 10 - 160*j + 322*j. Determine w(p).
-1
Let j(o) = o**3 + 6*o**2 + 3*o - 3. Let k(t) = -8*t - 87. Let u(h) = -22*h - 259. Let r(a) = 17*k(a) - 6*u(a). Let c be r(20). Determine j(c).
7
Let q(t) be the second derivative of -t**5/20 + t**4/3 + t**3/6 - 4*t**2 + 126*t. Calculate q(3).
4
Let k be 4/36 + (-2548)/(-234). Let h(j) = -3*j - 6. Give h(k).
-39
Let k(i) = 1409*i**2 + 6*i + 31 - 697*i**2 - 38 + i**3 - 707*i**2. What is k(-6)?
-79
Let r(f) be the first derivative of -f**3/3 - 2*f**2 - 12. Determine r(-2).
4
Let y(p) = -p. Let c(h) be the third derivative of -7*h**4/24 - h**3/2 + 10*h**2 - 12. Suppose -9 = -0*b + 3*b. Let a(w) = b*y(w) + c(w). Calculate a(-2).
5
Let j = -15319 - -15323. Let d(g) be the first derivative of -g**6/360 + g**5/120 - g**4/24 + g**3 + 3. Let r(c) be the third derivative of d(c). Give r(j).
-13
Let w(a) be the second derivative of a**4/6 - a**3/3 + a**2 - 2*a + 1108. Determine w(4).
26
Let q be ((-8)/(-5))/(4/10). Suppose 0 = q*v + 2 + 6. Let y(r) = -6*r + 13*r - 364 - 3*r + 2*r**2 + 366. What is y(v)?
2
Let n(q) = 12*q. Let g be n(5). Let r be 20/g - 5/(-3). Let k(w) = -7*w + 20 + w**3 + 14 - 31 - 4*w**r. Ca